?
-19ed
In base 7, what is 4443540 - -4?
4443544
In base 9, what is 1568321 - 4?
1568316
In base 8, what is 733127 - -4?
733133
In base 3, what is -2201 - -12120?
2212
In base 4, what is 1013 - -32331?
100010
In base 10, what is 4156 + -12?
4144
In base 10, what is -22 - 24955?
-24977
In base 13, what is 40a - -86?
493
In base 7, what is 551254 + 2?
551256
In base 15, what is 5 + -103e?
-1039
In base 5, what is 2 + 120000123?
120000130
In base 8, what is 21756 + 4?
21762
In base 4, what is -200130 + -101?
-200231
In base 10, what is 72 + -26?
46
In base 6, what is -3 + -243303?
-243310
In base 15, what is -33285 - 0?
-33285
In base 5, what is 2422 + -11012?
-3040
In base 13, what is -166 + 160?
-6
In base 9, what is -30 + -42045?
-42075
In base 13, what is -3 + 41849?
41846
In base 12, what is -1b791 + 36?
-1b757
In base 15, what is 1b2a + 8?
1b33
In base 12, what is -8 - -1526?
151a
In base 4, what is 123221112 - -102?
123221220
In base 8, what is 3065 - 23?
3042
In base 11, what is 6a - -5a?
119
In base 11, what is -3 - -139719?
139716
In base 14, what is 7b - -a8?
145
In base 11, what is 3 - -279955?
279958
In base 8, what is -4436 + -50?
-4506
In base 13, what is 7 - 12ca3?
-12c99
In base 16, what is -755 + 2c?
-729
In base 16, what is 3 + -24a1d?
-24a1a
In base 3, what is -212120222 + 220?
-212120002
In base 2, what is 10110 + 101000100000011?
101000100011001
In base 10, what is -1875067 - -3?
-1875064
In base 5, what is -10424141 + -3?
-10424144
In base 4, what is 133333123 - -2?
133333131
In base 9, what is -1 + 78067?
78066
In base 7, what is 243664 + 3?
244000
In base 2, what is -1 - 111110011100101?
-111110011100110
In base 8, what is 30 + 5134?
5164
In base 15, what is 18 - -dc?
105
In base 11, what is 640a54 - -5?
640a59
In base 13, what is -c + 12711?
12702
In base 5, what is 2 + 20210011?
20210013
In base 12, what is 5 + 881?
886
In base 7, what is -55262 - -23?
-55236
In base 7, what is 31624 + 5?
31632
In base 6, what is -251343 - -3?
-251340
In base 10, what is 582827 - 2?
582825
In base 13, what is -1 - 30ba?
-30bb
In base 9, what is 258253 - -24?
258277
In base 5, what is 3000 - -1143?
4143
In base 16, what is -3 + -3420?
-3423
In base 9, what is -4667 + -120?
-4787
In base 9, what is 303514 - -2?
303516
In base 5, what is -33011342 - -1?
-33011341
In base 14, what is -b793 - 0?
-b793
In base 15, what is -9 - -12c1?
12b7
In base 7, what is -1042602 + -21?
-1042623
In base 7, what is -6 + -43051?
-43060
In base 4, what is 2312131 - -222?
2313013
In base 8, what is 450 + 172?
642
In base 15, what is 9 - 2529?
-2520
In base 7, what is -3 + -41046?
-41052
In base 16, what is ccfb + 46?
cd41
In base 15, what is -14ea0 + 8?
-14e97
In base 11, what is -1 + 72046?
72045
In base 2, what is -101110101 + -11010111010?
-100000101111
In base 4, what is 2011202133 + -10?
2011202123
In base 15, what is 53c + 11?
54d
In base 12, what is -11 + -1185?
-1196
In base 13, what is -496 + 8b?
-408
In base 7, what is -3222 + -202?
-3424
In base 15, what is -3047 - 25?
-306c
In base 16, what is -13b677 - 0?
-13b677
In base 10, what is -243107 + -5?
-243112
In base 11, what is 19449 - -5?
19453
In base 4, what is 303223 - 1112?
302111
In base 11, what is 243a48 + 5?
243a52
In base 11, what is -9a1688 - 3?
-9a1690
In base 8, what is 1763 - -204?
2167
In base 16, what is 19774 - 4?
19770
In base 7, what is 23503 - -114?
23620
In base 6, what is 2502424 + -12?
2502412
In base 10, what is -42419 + 0?
-42419
In base 8, what is -5 + -201042?
-201047
In base 14, what is 9b2 + -106?
8aa
In base 7, what is -31034 + -110?
-31144
In base 4, what is 2212102 - -133?
2212301
In base 4, what is -131 - -1000332?
1000201
In base 9, what is 360231 + 0?
360231
In base 7, what is -1 - 1523211?
-1523212
In base 9, what is 150487 - -4?
150502
In base 14, what is 24 + -43?
-1d
In base 7, what is 0 - -256303?
256303
In base 15, what is -9e + -187?
-236
In base 14, what is -11 + -4576?
-4587
In base 15, what is -1 - -2a703?
2a702
In base 10, what is 45517 + -2?
45515
In base 9, what is 571 + -67?
503
In base 4, what is -322022 - 113?
-322201
In base 9, what is -20 + -73603?
-73623
In base 3, what is 11120221 + -212?
11120002
In base 15, what is -ea0 + 1b6?
-cd9
In base 4, what is -3 + 332331210?
332331201
In base 3, what is -12 + -2102120012021?
-2102120012110
In base 6, what is 12 - 111413?
-111401
In base 10, what is 1 - 8578?
-8577
In base 12, what is -12219 - -8?
-12211
In base 13, what is 3 - 5442?
-543c
In base 7, what is -223 + -2545?
-3101
In base 5, what is 1224432 + -3?
1224424
In base 4, what is 1301 + -3312?
-2011
In base 3, what is 1201000 - -1010?
1202010
In base 15, what is 5 - 2050b?
-20506
In base 16, what is -598c - 5?
-5991
In base 11, what is -52a09 + 3?
-52a06
In base 6, what is -5020000 + 1?
-5015555
In base 14, what is -1 + 839?
838
In base 11, what is -3 - 1631?
-1634
In base 10, what is 1540 + -10?
1530
In base 8, what is 1527764 - -3?
1527767
In base 15, what is 1 + -37bb1?
-37bb0
In base 2, what is -10111100010 - -101011010?
-10010001000
In base 3, what is -21220212 - 1121?
-21222110
In base 8, what is 3425445 + 1?
3425446
In base 6, what is -55203522 + 1?
-55203521
In base 16, what is 1e2df - 1?
1e2de
In base 14, what is 1cb09a - 2?
1cb098
In base 6, what is -4123 - 53?
-4220
In base 3, what is 0 - 22221211010?
-22221211010
In base 3, what is -2112020 + 1001012?
-1111001
In base 3, what is -100221011121 - -12?
-100221011102
In base 9, what is 4 + 435534?
435538
In base 5, what is 3 - 223011331?
-223011323
In base 4, what is 20 + -1102203?
-1102123
In base 16, what is e - -4169?
4177
In base 13, what is 4 - 16667?
-16663
In base 4, what is -2 + 2110321?
2110313
In base 10, what is -153 - -1252?
1099
In base 3, what is 12010211 - 1011?
12002200
In base 9, what is -26 - 43084?
-43121
In base 10, what is -3402 - -14?
-3388
In base 2, what is 10000100 - -1001000011?
1011000111
In base 10, what is -4379 - 3?
-4382
In base 12, what is -585b - 5?
-5864
In base 7, what is 346 - 11106?
-10430
In base 12, what is a9 - -120?
209
In base 10, what is 154606 - 3?
154603
In base 15, what is a2 - -a7?
159
In base 11, what is 137 + -162?
-26
In base 14, what is 39d7 + -2?
39d5
In base 11, what is 2383 + -2?
2381
In base 4, what is -20013 + -1323?
-22002
In base 13, what is 29614 - 1?
29613
In base 9, what is 27 + -3086?
-3058
In base 8, what is -376 + -1266?
-1664
In base 4, what is 3130330 + 12?
3131002
In base 10, what is -76 + -128?
-204
In base 7, what is -5 + -61040?
-61045
In base 8, what is 23 + 4021?
4044
In base 4, what is -2322013 + 2?
-2322011
In base 11, what is 11 - -407a?
4090
In base 12, what is -31 - 734?
-765
In base 13, what is -1c4 - 469?
-660
In base 8, what is -1 - -321203?
321202
In base 13, what is cc13 - 5?
cc0b
In base 14, what is -bd - 817?
-8d6
In base 11, what is -57 + 407?
360
In base 9, what is -18 + -85257?
-85276
In base 7, what is 1 - 1231?
-1230
In base 13, what is 5 - c57?
-c52
In base 2, what is 110100 - 100000001?
-11001101
In base 8, what is -313 - 1204?
-1517
In base 15, what is -16c - -309?
18c
In base 9, what is 18684 - 1?
18683
In base 9, what is 18542 - 2?
18540
In base 7, what is -455363 + 16?
-455344
In base 3, what is 21020122222 - 12?
21020122210
In base 11, what is 34a + 35?
384
In base 2, what is -1001101011000011 + 10?
-1001101011000001
In base 16, what is 14868 + -1?
14867
In base 4, what is 211 - -23021013?
23021230
In base 15, what is 1b + -1385?
-1369
In base 12, what is -b24040 - -3?
-b24039
In base 14, what is 7 + -411b0?
-411a7
In base 10, what is -49828 + 32?
-49796
In base 15, what is -35 - -33c5b?
33c26
In base 4, what is -1221 + -1103?
-2330
In base 12, what is -3327 + -141?
-3468
In base 7, what is 361 + 61362?
62053
In base 13, what is 72 - 6077?
-6005
In base 13, what is 1 - 158942?
-158941
In base 4, what is -3023310 - -21?
-3023223
In base 8, what is -4 - -50455?
50451
In base 14, what is 430 - 981?
-551
In base 5, what is -3030332 + 11?
-3030321
In base 10, what is 20 - -16119?
16139
In base 16, what is -d - -12c?
11f
In base 14, what is 8170d - -1?
81710
In base 3, what is 102 + 122001120?
122001222
In base 6, what is -3 - -1103502?
1103455
In base 4, what is -23100 - -30322?
1222
In base 15, 